st common factor of 30 and 1581474?
6
What is the greatest common divisor of 58 and 253777028?
58
What is the highest common divisor of 458170 and 15?
5
Calculate the highest common divisor of 170520 and 2100441.
609
What is the highest common factor of 1479660 and 2168?
1084
Calculate the highest common divisor of 217071 and 2178027.
2439
Calculate the highest common factor of 307410280 and 440.
40
Calculate the greatest common divisor of 161814 and 33666.
1086
Calculate the highest common divisor of 750 and 6574740.
30
Calculate the highest common factor of 72171430 and 130.
10
Calculate the highest common factor of 31551018 and 690.
6
What is the highest common factor of 134 and 3517902?
134
Calculate the highest common factor of 448 and 25363264.
64
What is the highest common factor of 1584 and 68418086?
22
Calculate the greatest common divisor of 1260 and 1274880.
60
Calculate the highest common divisor of 398162569 and 21.
7
Calculate the greatest common divisor of 93 and 62658347.
31
What is the highest common factor of 6142493 and 3283?
3283
What is the greatest common factor of 820 and 146234495?
205
What is the highest common factor of 440 and 49348244?
44
What is the greatest common factor of 1880 and 26599180?
940
What is the highest common factor of 4240 and 13157833?
53
What is the greatest common factor of 1288 and 530712?
56
Calculate the highest common factor of 45562981 and 109.
109
Calculate the highest common divisor of 236710 and 1200.
10
Calculate the greatest common factor of 9355954 and 157194.
5822
What is the highest common factor of 13161588 and 572?
44
Calculate the highest common divisor of 1344 and 69388224.
192
What is the greatest common divisor of 45 and 14130657?
9
Calculate the greatest common divisor of 9 and 653619501.
9
What is the greatest common factor of 648 and 4836952?
8
What is the greatest common factor of 48151 and 9670819?
269
Calculate the greatest common factor of 975 and 180645465.
195
What is the highest common factor of 318564 and 1692?
36
Calculate the highest common factor of 8614 and 220898.
146
Calculate the greatest common divisor of 67483 and 2138692.
5191
Calculate the greatest common divisor of 11976 and 163816.
8
What is the highest common divisor of 570 and 47000490?
570
What is the highest common factor of 133110 and 1785?
255
Calculate the highest common divisor of 111912 and 1872.
24
What is the greatest common factor of 289696 and 3264?
32
Calculate the highest common factor of 63036 and 3252168.
612
What is the highest common factor of 2219 and 408541?
7
What is the highest common factor of 2506059 and 100116?
243
Calculate the greatest common divisor of 20459960 and 60.
20
Calculate the highest common factor of 142283 and 214777.
541
What is the highest common factor of 2889 and 71771427?
2889
What is the greatest common divisor of 490230 and 73125?
585
What is the highest common divisor of 117249 and 21033?
57
Calculate the highest common factor of 467482 and 43788.
82
Calculate the highest common factor of 1825 and 30481296.
73
Calculate the highest common factor of 6 and 30112752.
6
What is the greatest common divisor of 24 and 107340488?
8
What is the greatest common divisor of 2653 and 18697?
7
What is the greatest common factor of 195 and 156860535?
195
What is the highest common divisor of 17027263 and 1276?
319
Calculate the highest common factor of 121258 and 158498.
38
Calculate the greatest common factor of 43882 and 42106.
74
What is the greatest common divisor of 16 and 11146264?
8
What is the greatest common factor of 6926 and 288318991?
3463
What is the highest common divisor of 1782 and 1749?
33
What is the highest common divisor of 12380 and 138040?
20
Calculate the highest common factor of 8101525 and 7340.
1835
Calculate the highest common divisor of 12702400 and 125.
25
What is the highest common divisor of 149677889 and 31?
31
What is the greatest common factor of 178320 and 41120?
80
What is the highest common divisor of 14446 and 56386?
466
Calculate the greatest common divisor of 19640 and 367371110.
4910
Calculate the highest common divisor of 11933847 and 68.
17
What is the highest common divisor of 50584 and 16?
8
What is the highest common divisor of 24822019 and 5091?
1697
What is the greatest common divisor of 51186 and 950?
38
Calculate the greatest common divisor of 505 and 3054341.
101
What is the greatest common factor of 1909985 and 350427?
3157
Calculate the highest common divisor of 200 and 76025.
25
Calculate the greatest common factor of 4548163 and 76.
19
Calculate the highest common divisor of 8836959 and 4596.
1149
Calculate the highest common factor of 22444 and 486423201.
5611
Calculate the highest common factor of 22275678 and 102.
102
Calculate the greatest common factor of 426910 and 360.
10
Calculate the greatest common factor of 4725 and 102774.
21
Calculate the highest common divisor of 96 and 8699352.
24
Calculate the highest common divisor of 702040953 and 4461.
4461
Calculate the greatest common factor of 1451285 and 99.
11
Calculate the greatest common factor of 10668 and 38136.
84
What is the highest common divisor of 22814 and 62891?
61
What is the greatest common factor of 41560160 and 160?
160
Calculate the greatest common divisor of 107212710 and 51402.
3954
Calculate the greatest common divisor of 30370276 and 154888.
4076
Calculate the greatest common divisor of 181476 and 12024.
36
What is the highest common divisor of 117111 and 97782?
1137
What is the greatest common divisor of 44 and 32521808?
44
Calculate the greatest common divisor of 1758869 and 18907.
259
Calculate the highest common divisor of 3038 and 5729234.
434
What is the highest common divisor of 246425 and 71525?
25
What is the greatest common divisor of 276196 and 37?
1
What is the highest common factor of 42492773 and 3539?
3539
Calculate the highest common divisor of 5025144 and 176.
8
What is the greatest common factor of 4723330 and 170?
10
Calculate the highest common factor of 11 and 3677773.
11
What is the highest common factor of 400 and 61512800?
400
What is the highest common factor of 85831500 and 375?
375
What is the greatest common divisor of 133396 and 2084?
4
What is the highest common factor of 1152 and 590391936?
1152
Calculate the highest common factor of 6706385 and 47682.
883
Calculate the greatest common divisor of 30117653 and 349.
349
Calculate the greatest common divisor of 35604 and 3999.
129
Calculate the greatest common factor of 78088 and 41624.
344
Calculate the greatest common divisor of 36708 and 3123676.
1748
What is the highest common factor of 19396048 and 13328?
1904
Calculate the highest common factor of 835 and 293094185.
835
What is the greatest common divisor of 314315 and 18689?
1699
What is the highest common divisor of 7776 and 30933792?
864
Calculate the highest common divisor of 3293992 and 2717.
247
What is the highest common factor of 43026090 and 30?
30
What is the highest common divisor of 18 and 1310787?
9
Calculate the highest common factor of 4200 and 10618440.
840
What is the highest common factor of 14905809 and 646407?
2403
What is the greatest common factor of 116 and 2706684?
4
What is the greatest common factor of 73720499 and 206?
103
Calculate the greatest common divisor of 12684 and 143601.
453
What is the greatest common divisor of 1615 and 7162202?
323
Calculate the greatest common factor of 103059521 and 1467.
163
Calculate the highest common divisor of 36309081 and 636.
159
What is the greatest common divisor of 16385143 and 124?
31
What is the highest common divisor of 2182 and 317861759?
1091
Calculate the greatest common divisor of 645806 and 36224.
566
Calculate the highest common factor of 2397929800 and 14.
14
Calculate the highest common factor of 124620 and 885460.
20
Calculate the greatest common divisor of 8556 and 752556.
372
Calculate the greatest common divisor of 167 and 17973041.
167
Calculate the highest common divisor of 2486 and 65703.
11
What is the greatest common factor of 31404510 and 7075?
1415
Calculate the highest common divisor of 46 and 51221.
23
What is the greatest common factor of 15481266 and 213?
213
Calculate the greatest common factor of 312 and 627